o(t) = 7*t**2 - 3*t - 9. Let h(l) = -11*l**2 + 4*l + 13. Let y(m) = p*h(m) + 8*o(m). Give y(5).
-2
Let d(k) = -k**2 + 16*k + 7. Let j be d(16). Let b(c) = 2*c - 4. Give b(j).
10
Suppose 0 = 2*w + 3 - 5. Let p(a) = 4*a - 1 - a - 2*a + 3*a**3 + a**2. What is p(w)?
4
Let m = -1 - -5. Let o = 4 - m. Let t(c) = 4*c - 10. Let x(d) = d - 3. Let u(a) = -2*t(a) + 7*x(a). Determine u(o).
-1
Let p(w) be the second derivative of w**3/2 + 3*w**2/2 - 7*w. Give p(4).
15
Let r(s) = s**3 - s**2 - 3*s - 3. Suppose 3*l = 3*x + 9, -29 = 2*l + 4*x + x. Calculate r(l).
-9
Let c(y) = 4*y**2 - y + 1. Let i(u) = u**2 - 6*u + 7. Suppose -2*p - 10 = 5*j - 41, 4*j + 5*p = 35. Let v be i(j). Determine c(v).
15
Let s(f) = 0*f - f - 7 + 0*f. Suppose c + 2*q = -3*q + 42, -2*c + 52 = 2*q. Suppose -3*y + y = -10, -c = 4*r - 2*y. Calculate s(r).
-4
Let d(i) = 29 - 3*i - 2*i + i**3 + 3*i**2 - 28. Let p(a) = -4*a**3 + a**2 - 1. Let g be p(1). Calculate d(g).
5
Let v be (0 + 0)/(-4 - -3). Let f be (0 + v)/(-1 + 2). Let w(k) = k**2 + k**2 + 8 - k**3 - 3*k**2 - k. Give w(f).
8
Let a(c) = -c**3 + 3*c + 2. Let f be a(-2). Let t(k) be the second derivative of k**3/2 - 3*k**2 + k. Determine t(f).
6
Let r(m) be the second derivative of m**4/12 - 4*m**3/3 + 9*m**2/2 - 5*m. What is r(6)?
-3
Let q(g) be the third derivative of -g**4/24 - g**3/3 - 4*g**2. Let a = -1 + -1. Give q(a).
0
Let q(n) be the third derivative of n**5/120 - n**4/12 + n**3/6 - 4*n**2. Let b(x) be the first derivative of q(x). Suppose -3*h + 2*h + 3 = 0. Give b(h).
1
Suppose h + 2 = 2*h. Let a(z) = z**h + 2*z**2 - 3 - 5 - 2*z**2. Let r be 2/8 + 1/(-4). Calculate a(r).
-8
Let v(x) = 1. Let g(j) = -3*j - 9. Let t(l) = -2*l + 9. Let i be t(4). Let n(y) = i*g(y) + 9*v(y). Determine n(1).
-3
Let t(w) be the third derivative of -w**4/24 - 2*w**3/3 - 9*w**2. Give t(-3).
-1
Let s(c) = -c**3 + 3*c**2 - 4. Suppose 26*k - 25*k = 4. Determine s(k).
-20
Let y(f) = -f**3 + 7*f**2 + f - 10. Let a be y(7). Let c be -3*-1*a/9. Let p be -7 - ((1 - 2) + c). Let w(l) = -l**2 - 6*l - 7. What is w(p)?
-2
Let q(o) be the second derivative of o**4/12 + o**3/3 - o**2 - 6*o. Determine q(-3).
1
Let n(l) = -4*l**3 + 5*l**3 + 5*l + l**2 - 6*l**2. Let z(c) = -2*c - 4. Let r be z(-4). Determine n(r).
4
Let b(l) = l + 2. Let c(q) be the first derivative of -3*q**4/4 - q**2/2 + 2. Let s be c(1). Calculate b(s).
-2
Let b(w) be the first derivative of -w**2/2 + 4*w + 3. Calculate b(9).
-5
Let p(w) = 5*w + 5. Suppose 7*k - 2*k = -55. Let d(s) = s + 1. Let o(j) = k*d(j) + 2*p(j). What is o(0)?
-1
Let v(q) = 7*q**2 - 3*q + 2. Let a(w) = 8*w**2 - 3*w + 2. Let n(i) = 6*a(i) - 7*v(i). Let l(k) = -k**3 - 14*k**2 - k - 12. Let c be l(-14). Determine n(c).
0
Let n = 14 - 20. Let p be ((-45)/(-27))/((-2)/n). Let r(m) = m - 3. What is r(p)?
2
Let h(k) = -k**2 + 1. Let p(x) = -2*x**2 + 17*x + 10. Let b be p(9). Calculate h(b).
0
Let x be (-6 + 2 - 3)/(1/1). Let o(t) = -2*t - 9. Determine o(x).
5
Suppose 3*g = 0, -2*g + g + 6 = 2*z. Let h(k) = -k + 7 - 1 + 1. Give h(z).
4
Let v(d) = d**3 + 3*d**2 - 4*d. Let g be v(-4). Let x(w) be the third derivative of 0*w - w**3 + g + w**2 + 1/12*w**4. Give x(5).
4
Let t(u) be the first derivative of 2*u**2 + 8 - 2 - 3 + 2. Determine t(1).
4
Let n(j) = -j**3 - j**3 + j**2 - 1 + j**3. Let l be (-2)/(-5) - (-3)/5. Determine n(l).
-1
Let x(m) be the second derivative of 7*m**3/6 - 16*m. Let z be (2 - 1)*(-4 + 3). Give x(z).
-7
Let r(n) = n + 1. Let m(x) = 1. Let h(i) = 2*m(i) + r(i). What is h(5)?
8
Let w(f) = 33*f - 5 - 8*f**2 - 28*f - 4*f**3 + 19*f**2. Let p(z) = z**3 - z**2. Let s(l) = -5*p(l) - w(l). Determine s(-5).
5
Suppose -2*t = -3*t - 11. Let j(q) = 3*q**2 + 3*q - 2. Let d(b) = -8*b**2 - 10*b + 7. Let u(n) = t*j(n) - 4*d(n). What is u(5)?
4
Suppose -48 = 4*f + 16. Let w = f - -10. Let r = -5 - w. Let s(c) = 5*c + 1. Give s(r).
6
Let o(q) = q**3 - 9*q**2 + q - 2. Let l be o(9). Let z(c) = 0 - l*c + c - 6. Let a(i) = -4*i - 4. Let u(j) = 8*a(j) - 5*z(j). Give u(4).
-10
Let b(o) = o**3 + 2*o**2 - 3*o + 2. Let t be b(-3). Suppose -d - 3*d - 12 = -4*v, -t*v + d = -9. Let y(r) = r**2 - 3 - 7*r + 4 + 2 + 6. Give y(v).
3
Let j(n) = n**3 - 7. Let h be j(0). Let c = h + 9. Let v(u) = u**c + 3*u + 0*u**2 - 5 + 1 - 4*u. Determine v(-3).
8
Let u be ((-2)/2)/1*-1. Let n(c) be the second derivative of -c**4/4 + c**3/6 - 5*c**2/2 + 3*c. Let a(v) be the first derivative of n(v). Give a(u).
-5
Let p = -17 - -12. Let t(s) = s**2 + 4*s - 4. Determine t(p).
1
Let r(w) = -2*w + 3. Let i(d) = -d**2 + 6*d + 3. Let q be i(6). Calculate r(q).
-3
Let g(z) = -z + 5. Let x be g(0). Let p(h) = -h**2 + 3*h + 7. Calculate p(x).
-3
Let u(f) = f - 1. Let g(r) = r**2 - 11*r + 10. Let k(t) = -g(t) - 4*u(t). Suppose -129 = n - 133. Give k(n).
6
Let g(j) = -j**3 + 3. Suppose 4*k + 2 = 2*k. Let f(v) = -v**2 + v - 1. Let l(z) = k*g(z) + f(z). Suppose 0 = -5*c + c + q - 5, c - 15 = -3*q. What is l(c)?
-4
Suppose -m + 3 = -3*t + 8, 5*t - 4*m - 6 = 0. Let i(v) = 7 - 3*v**t + v**3 - 9*v - 3 + 6*v. Let b be 14/4 - 3/(-6). What is i(b)?
8
Let j be (0 - -25) + (-4 - -2). Suppose 0 = 3*y - 1 - j. Suppose -20 = 4*z - 5*g, -2*z = -4*g + 2*g + y. Let m(n) = -n**3 + n**2 - n - 3. Determine m(z).
-3
Let x(c) = c**2 + 2*c + 1. Let l be (-44)/12 - (-1)/(-3). Give x(l).
9
Let z(k) be the first derivative of 7*k**2/2 + 6. Give z(-1).
-7
Suppose j + 5*n = -3*j + 35, -j - 5*n = -20. Let h(d) be the third derivative of 0*d + 0 - d**2 - d**3 + 1/24*d**4. Calculate h(j).
-1
Let h(k) be the second derivative of -k**5/20 + k**4/4 + k**3/2 - k**2/2 + 2*k. Suppose -3*b = -5*b + 6. Calculate h(b).
8
Let x = 1 - -1. Let u(r) = 2*r**2 - 2 + r**3 - 3*r + 0*r**x + 0*r**2. Suppose 3*l = -11 + 5. Calculate u(l).
4
Let q(p) = -p + 4. Let w be 1 + 0 + (4 - 0). Give q(w).
-1
Let j(d) = 1 - d**3 + 60*d**2 - 62*d**2 + 0. Calculate j(-2).
1
Let i(a) = a**3 - 4*a**2 + 5*a + 2. Let o(y) = y**2. Let z(n) = i(n) - 3*o(n). Determine z(6).
-4
Let w(q) = -5*q**2 - q + 1. Suppose -4 = 3*j + d, 1 = 5*d - 9. Let y = -1 - j. Suppose 0 = -3*f - y + 4. What is w(f)?
-5
Let x(l) = -l**2 + l + 1. Let y(a) = -5*a**2 + 2*a + 4. Let f(j) = -3*x(j) + y(j). What is f(-2)?
-5
Let d(y) = y**2 + 7*y + 7. Let l(j) = j**2 - 4*j - 5. Let v be l(4). Determine d(v).
-3
Let k = -103 - -107. Let t(j) = 2*j - 1. What is t(k)?
7
Let i(t) = -t**2 + 10*t - 7. Let r(m) = -m + 13. Let z be r(4). Give i(z).
2
Let y(h) be the third derivative of h**4/8 + h**3 + 10*h**2. Let o = 3 - 8. Calculate y(o).
-9
Let r be 3/(-6) - (-3)/(-2). Let g = -25 + 27. Let z = g + r. Let p(q) = q**2 + q. Calculate p(z).
0
Suppose -2*x - 9 = -1. Let q be -2*2/x + -5. Let m(v) be the third derivative of v**6/120 + v**5/15 - v**4/12 - v**3/2 + 5*v**2. Determine m(q).
5
Let n(u) = u**3 - 6*u**2 - 4*u - 6. Let l(k) = k + 1. Let z(m) = -5*l(m) - n(m). What is z(6)?
-5
Let d be (0/1)/(-4 + 5). Suppose -23 = 3*b - 5*v, d = 5*b - v - 4*v + 25. Let a(i) = 3*i**3 + i**2 - 4*i**3 - 2*i**3. Determine a(b).
4
Let m be ((-224)/140)/(2/(-5)). Let w(r) = -r**2 + 3*r - 5. What is w(m)?
-9
Suppose -4 = -3*u + 2. Let f(k) = 3 + 1 - 6 - 2 + u*k. Give f(3).
2
Let t(x) = x**3 - 3*x**2 + 4*x - 4. Let f be 52/12 + 1/(-3). Suppose -f*d + d = -12, -5*s + 31 = 4*d. What is t(s)?
8
Let b = 0 - -2. Let x(v) = v. Let f be x(b). Let d(y) = y**3 + 4*y**f + 5 + 0*y**3 - 3*y + 5*y. Calculate d(-4).
-3
Let j(t) = t**3 + 5*t**2 + 6*t + 6. Let s = 11 - 16. Let n be s*(6/(-5) + -2). Let q be 34/(-8) + 4/n. Calculate j(q).
-2
Let p(a) = -a**3 - 4*a**2 + 5*a - 1. Suppose 2*q = -9*q - 55. What is p(q)?
-1
Suppose 0*v = 5*d - v - 4, 4*v = -16. Let y(p) = 3*p - 3. Let j be y(5). Suppose -4*w + j = -d. Let g(f) = f**3 - 2*f**2 - 4*f + 2. Give g(w).
-1
Let h(j) = j - 5. Let d = -30 - -30. Determine h(d).
-5
Let a = -2/5 - -9/20. Let y(q) be the third derivative of -1/120*q**6 + 0*q + 0*q**3 + 0*q**4 - a*q**5 + 2*q**2 + 0. Give y(-3).
0
Let l(j) be the second derivative of 0 + j - 3*j**2 + 1/3*j**4 + 1/20*j**5 - j**3. Let f(x) = -2*x**3 + 2*x**2 + x + 1. Let h be f(2). What is l(h)?
-1
Let u = -3 - 2. Let c(q) = q**2 + 9*q - 6. Let r(l) = -l**2 - 10*l + 6. Let w(a) = -6*c(a) - 5*r(a). What is w(u)?
1
Let v(j) = 44 + j**2 - 87 + 42. Calculate v(2).
3
Let c(j) = -3*j + 14. Let w be c(6). Let z(o) = o*